{"id":4679,"date":"2015-03-06T14:14:17","date_gmt":"2015-03-06T13:14:17","guid":{"rendered":"http:\/\/www.lucas-alarmes.com\/boutique\/shop\/sirene-exterieure-bx\/"},"modified":"2021-05-12T10:06:53","modified_gmt":"2021-05-12T09:06:53","slug":"sirene-exterieure-bx","status":"publish","type":"product","link":"https:\/\/www.lucas-alarmes.com\/boutique\/vente-materiel\/sirene-exterieure-bx\/","title":{"rendered":"Sir\u00e8ne ext\u00e9rieure BX Compatible EDEN HA2000"},"content":{"rendered":"<div class=\"wpb-content-wrapper\"><p>[vc_row][vc_column width=\u00a0\u00bb1\/2&Prime;][vc_column_text]<strong>Robuste<\/strong><br \/>\n\u00c9tanche et insensible aux UV.<\/p>\n<p><strong>Autonomie<br \/>\n<\/strong>Totalement sans fil, la sir\u00e8ne BX fonctionne sur piles avec une autonomie d\u2019environ 3 ans<\/p>\n<p><strong>D\u00e9tection pile basse<\/strong><br \/>\nLa sir\u00e8ne BX vous avertit lorsqu\u2019il est temps de remplacer ses piles.<\/p>\n<p><strong>Autoprotection<\/strong><br \/>\nAutoprotection \u00e0 l\u2019ouverture du bo\u00eetier et \u00e0 l\u2019arrachement du socle.[\/vc_column_text][\/vc_column][vc_column width=\u00a0\u00bb1\/2&Prime;][vc_column_text]<strong>Anti brouillage<\/strong><br \/>\nLa d\u00e9tection d\u2019interf\u00e9rence par brouillage prot\u00e8ge la sir\u00e8ne de toute tentative de sabotage.<\/p>\n<p><strong>Flash lumineux<\/strong><br \/>\nLa sir\u00e8ne BX est \u00e9quip\u00e9e de voyants clignotants pour avertir et dissuader.<\/p>\n<p><strong>Confirmation<\/strong><br \/>\nBips de confirmation des mises en marche et arr\u00eat du syst\u00e8me.[\/vc_column_text][\/vc_column][\/vc_row][vc_row][vc_column width=\u00a0\u00bb1\/2&Prime;][vc_column_text]<\/p>\n<p style=\"text-align: right\"><em>Livr\u00e9 avec notice, piles et accessoires de fixation.<br \/>\n<strong>Mat\u00e9riel garanti 5 ans<\/strong><\/em><\/p>\n<p>[\/vc_column_text][\/vc_column][vc_column width=\u00a0\u00bb1\/2&Prime;][vc_button2 title=\u00a0\u00bbT\u00e9l\u00e9charger le manuel d&rsquo;utilisation de la sir\u00e8ne BX7&Prime; align=\u00a0\u00bbleft\u00a0\u00bb style=\u00a0\u00bbrounded\u00a0\u00bb color=\u00a0\u00bbgrey\u00a0\u00bb size=\u00a0\u00bbmd\u00a0\u00bb link=\u00a0\u00bburl:http%3A%2F%2Fwww.lucas-alarmes.com\/boutique%2Fwp-content%2Fuploads%2F2014%2F01%2FBX7_manuel.pdf|title:T%C3%A9l%C3%A9charger%20le%20manuel%20d&rsquo;utilisation%20de%20la%20centrale%20C902|target:%20_blank\u00a0\u00bb][\/vc_column][\/vc_row]<\/p>\n<\/div>","protected":false},"excerpt":{"rendered":"<p><strong>La sir\u00e8ne ext\u00e9rieure BX est l\u2019\u00e9l\u00e9ment indispensable de votre syst\u00e8me d\u2019alarme. Gr\u00e2ce \u00e0 sa forte puissance sonore elle dissuade les plus chevronn\u00e9s des malfaiteurs et alerte le voisinage.<\/strong><\/p>\n<p><strong>C&#039;est un produit compatible avec la marque Eden vendu par le Roy Merlin.<\/strong><\/p>\n","protected":false},"featured_media":4680,"comment_status":"open","ping_status":"closed","template":"","meta":[],"product_brand":[],"product_cat":[99,81],"product_tag":[98],"class_list":{"0":"post-4679","1":"product","2":"type-product","3":"status-publish","4":"has-post-thumbnail","6":"product_cat-gamme-climax","7":"product_cat-sirenes-sans-fil-climax","8":"product_tag-climax","10":"first","11":"instock","12":"taxable","13":"shipping-taxable","14":"purchasable","15":"product-type-simple"},"yoast_head":"<!-- This site is optimized with the Yoast SEO plugin v24.4 - https:\/\/yoast.com\/wordpress\/plugins\/seo\/ -->\n<title>Sir\u00e8ne ext\u00e9rieure BX Compatible EDEN HA2000 - Boutique Lucas Alarmes<\/title>\n<meta name=\"robots\" content=\"index, follow, max-snippet:-1, max-image-preview:large, max-video-preview:-1\" \/>\n<link rel=\"canonical\" href=\"https:\/\/www.lucas-alarmes.com\/boutique\/vente-materiel\/sirene-exterieure-bx\/\" \/>\n<meta property=\"og:locale\" content=\"fr_FR\" \/>\n<meta property=\"og:type\" content=\"article\" \/>\n<meta property=\"og:title\" content=\"Sir\u00e8ne ext\u00e9rieure BX Compatible EDEN HA2000 - Boutique Lucas Alarmes\" \/>\n<meta property=\"og:description\" content=\"La sir\u00e8ne ext\u00e9rieure BX est l\u2019\u00e9l\u00e9ment indispensable de votre syst\u00e8me d\u2019alarme. Gr\u00e2ce \u00e0 sa forte puissance sonore elle dissuade les plus chevronn\u00e9s des malfaiteurs et alerte le voisinage.  C&#039;est un produit compatible avec la marque Eden vendu par le Roy Merlin.\" \/>\n<meta property=\"og:url\" content=\"https:\/\/www.lucas-alarmes.com\/boutique\/vente-materiel\/sirene-exterieure-bx\/\" \/>\n<meta property=\"og:site_name\" content=\"Boutique Lucas Alarmes\" \/>\n<meta property=\"article:modified_time\" content=\"2021-05-12T09:06:53+00:00\" \/>\n<meta property=\"og:image\" content=\"https:\/\/www.lucas-alarmes.com\/boutique\/wp-content\/uploads\/sites\/3\/2015\/03\/sirene-BX7_2.jpg\" \/>\n\t<meta property=\"og:image:width\" content=\"600\" \/>\n\t<meta property=\"og:image:height\" content=\"450\" \/>\n\t<meta property=\"og:image:type\" content=\"image\/jpeg\" \/>\n<meta name=\"twitter:card\" content=\"summary_large_image\" \/>\n<meta name=\"twitter:label1\" content=\"Dur\u00e9e de lecture estim\u00e9e\" \/>\n\t<meta name=\"twitter:data1\" content=\"1 minute\" \/>\n<script type=\"application\/ld+json\" class=\"yoast-schema-graph\">{\"@context\":\"https:\/\/schema.org\",\"@graph\":[{\"@type\":\"WebPage\",\"@id\":\"https:\/\/www.lucas-alarmes.com\/boutique\/vente-materiel\/sirene-exterieure-bx\/\",\"url\":\"https:\/\/www.lucas-alarmes.com\/boutique\/vente-materiel\/sirene-exterieure-bx\/\",\"name\":\"Sir\u00e8ne ext\u00e9rieure BX Compatible EDEN HA2000 - Boutique Lucas Alarmes\",\"isPartOf\":{\"@id\":\"https:\/\/www.lucas-alarmes.com\/boutique\/#website\"},\"primaryImageOfPage\":{\"@id\":\"https:\/\/www.lucas-alarmes.com\/boutique\/vente-materiel\/sirene-exterieure-bx\/#primaryimage\"},\"image\":{\"@id\":\"https:\/\/www.lucas-alarmes.com\/boutique\/vente-materiel\/sirene-exterieure-bx\/#primaryimage\"},\"thumbnailUrl\":\"https:\/\/www.lucas-alarmes.com\/boutique\/wp-content\/uploads\/sites\/3\/2015\/03\/sirene-BX7_2.jpg\",\"datePublished\":\"2015-03-06T13:14:17+00:00\",\"dateModified\":\"2021-05-12T09:06:53+00:00\",\"breadcrumb\":{\"@id\":\"https:\/\/www.lucas-alarmes.com\/boutique\/vente-materiel\/sirene-exterieure-bx\/#breadcrumb\"},\"inLanguage\":\"fr-FR\",\"potentialAction\":[{\"@type\":\"ReadAction\",\"target\":[\"https:\/\/www.lucas-alarmes.com\/boutique\/vente-materiel\/sirene-exterieure-bx\/\"]}]},{\"@type\":\"ImageObject\",\"inLanguage\":\"fr-FR\",\"@id\":\"https:\/\/www.lucas-alarmes.com\/boutique\/vente-materiel\/sirene-exterieure-bx\/#primaryimage\",\"url\":\"https:\/\/www.lucas-alarmes.com\/boutique\/wp-content\/uploads\/sites\/3\/2015\/03\/sirene-BX7_2.jpg\",\"contentUrl\":\"https:\/\/www.lucas-alarmes.com\/boutique\/wp-content\/uploads\/sites\/3\/2015\/03\/sirene-BX7_2.jpg\",\"width\":600,\"height\":450},{\"@type\":\"BreadcrumbList\",\"@id\":\"https:\/\/www.lucas-alarmes.com\/boutique\/vente-materiel\/sirene-exterieure-bx\/#breadcrumb\",\"itemListElement\":[{\"@type\":\"ListItem\",\"position\":1,\"name\":\"Accueil\",\"item\":\"https:\/\/www.lucas-alarmes.com\/boutique\/\"},{\"@type\":\"ListItem\",\"position\":2,\"name\":\"Shop\",\"item\":\"https:\/\/www.lucas-alarmes.com\/boutique\/shop\/\"},{\"@type\":\"ListItem\",\"position\":3,\"name\":\"Sir\u00e8ne ext\u00e9rieure BX Compatible EDEN HA2000\"}]},{\"@type\":\"WebSite\",\"@id\":\"https:\/\/www.lucas-alarmes.com\/boutique\/#website\",\"url\":\"https:\/\/www.lucas-alarmes.com\/boutique\/\",\"name\":\"Boutique Lucas Alarmes\",\"description\":\"Le Sp\u00e9cialiste de l&#039;alarme sans fil\",\"potentialAction\":[{\"@type\":\"SearchAction\",\"target\":{\"@type\":\"EntryPoint\",\"urlTemplate\":\"https:\/\/www.lucas-alarmes.com\/boutique\/?s={search_term_string}\"},\"query-input\":{\"@type\":\"PropertyValueSpecification\",\"valueRequired\":true,\"valueName\":\"search_term_string\"}}],\"inLanguage\":\"fr-FR\"}]}<\/script>\n<!-- \/ Yoast SEO plugin. -->","yoast_head_json":{"title":"Sir\u00e8ne ext\u00e9rieure BX Compatible EDEN HA2000 - Boutique Lucas Alarmes","robots":{"index":"index","follow":"follow","max-snippet":"max-snippet:-1","max-image-preview":"max-image-preview:large","max-video-preview":"max-video-preview:-1"},"canonical":"https:\/\/www.lucas-alarmes.com\/boutique\/vente-materiel\/sirene-exterieure-bx\/","og_locale":"fr_FR","og_type":"article","og_title":"Sir\u00e8ne ext\u00e9rieure BX Compatible EDEN HA2000 - Boutique Lucas Alarmes","og_description":"La sir\u00e8ne ext\u00e9rieure BX est l\u2019\u00e9l\u00e9ment indispensable de votre syst\u00e8me d\u2019alarme. Gr\u00e2ce \u00e0 sa forte puissance sonore elle dissuade les plus chevronn\u00e9s des malfaiteurs et alerte le voisinage.  C&#039;est un produit compatible avec la marque Eden vendu par le Roy Merlin.","og_url":"https:\/\/www.lucas-alarmes.com\/boutique\/vente-materiel\/sirene-exterieure-bx\/","og_site_name":"Boutique Lucas Alarmes","article_modified_time":"2021-05-12T09:06:53+00:00","og_image":[{"width":600,"height":450,"url":"https:\/\/www.lucas-alarmes.com\/boutique\/wp-content\/uploads\/sites\/3\/2015\/03\/sirene-BX7_2.jpg","type":"image\/jpeg"}],"twitter_card":"summary_large_image","twitter_misc":{"Dur\u00e9e de lecture estim\u00e9e":"1 minute"},"schema":{"@context":"https:\/\/schema.org","@graph":[{"@type":"WebPage","@id":"https:\/\/www.lucas-alarmes.com\/boutique\/vente-materiel\/sirene-exterieure-bx\/","url":"https:\/\/www.lucas-alarmes.com\/boutique\/vente-materiel\/sirene-exterieure-bx\/","name":"Sir\u00e8ne ext\u00e9rieure BX Compatible EDEN HA2000 - Boutique Lucas Alarmes","isPartOf":{"@id":"https:\/\/www.lucas-alarmes.com\/boutique\/#website"},"primaryImageOfPage":{"@id":"https:\/\/www.lucas-alarmes.com\/boutique\/vente-materiel\/sirene-exterieure-bx\/#primaryimage"},"image":{"@id":"https:\/\/www.lucas-alarmes.com\/boutique\/vente-materiel\/sirene-exterieure-bx\/#primaryimage"},"thumbnailUrl":"https:\/\/www.lucas-alarmes.com\/boutique\/wp-content\/uploads\/sites\/3\/2015\/03\/sirene-BX7_2.jpg","datePublished":"2015-03-06T13:14:17+00:00","dateModified":"2021-05-12T09:06:53+00:00","breadcrumb":{"@id":"https:\/\/www.lucas-alarmes.com\/boutique\/vente-materiel\/sirene-exterieure-bx\/#breadcrumb"},"inLanguage":"fr-FR","potentialAction":[{"@type":"ReadAction","target":["https:\/\/www.lucas-alarmes.com\/boutique\/vente-materiel\/sirene-exterieure-bx\/"]}]},{"@type":"ImageObject","inLanguage":"fr-FR","@id":"https:\/\/www.lucas-alarmes.com\/boutique\/vente-materiel\/sirene-exterieure-bx\/#primaryimage","url":"https:\/\/www.lucas-alarmes.com\/boutique\/wp-content\/uploads\/sites\/3\/2015\/03\/sirene-BX7_2.jpg","contentUrl":"https:\/\/www.lucas-alarmes.com\/boutique\/wp-content\/uploads\/sites\/3\/2015\/03\/sirene-BX7_2.jpg","width":600,"height":450},{"@type":"BreadcrumbList","@id":"https:\/\/www.lucas-alarmes.com\/boutique\/vente-materiel\/sirene-exterieure-bx\/#breadcrumb","itemListElement":[{"@type":"ListItem","position":1,"name":"Accueil","item":"https:\/\/www.lucas-alarmes.com\/boutique\/"},{"@type":"ListItem","position":2,"name":"Shop","item":"https:\/\/www.lucas-alarmes.com\/boutique\/shop\/"},{"@type":"ListItem","position":3,"name":"Sir\u00e8ne ext\u00e9rieure BX Compatible EDEN HA2000"}]},{"@type":"WebSite","@id":"https:\/\/www.lucas-alarmes.com\/boutique\/#website","url":"https:\/\/www.lucas-alarmes.com\/boutique\/","name":"Boutique Lucas Alarmes","description":"Le Sp\u00e9cialiste de l&#039;alarme sans fil","potentialAction":[{"@type":"SearchAction","target":{"@type":"EntryPoint","urlTemplate":"https:\/\/www.lucas-alarmes.com\/boutique\/?s={search_term_string}"},"query-input":{"@type":"PropertyValueSpecification","valueRequired":true,"valueName":"search_term_string"}}],"inLanguage":"fr-FR"}]}},"_links":{"self":[{"href":"https:\/\/www.lucas-alarmes.com\/boutique\/wp-json\/wp\/v2\/product\/4679","targetHints":{"allow":["GET"]}}],"collection":[{"href":"https:\/\/www.lucas-alarmes.com\/boutique\/wp-json\/wp\/v2\/product"}],"about":[{"href":"https:\/\/www.lucas-alarmes.com\/boutique\/wp-json\/wp\/v2\/types\/product"}],"replies":[{"embeddable":true,"href":"https:\/\/www.lucas-alarmes.com\/boutique\/wp-json\/wp\/v2\/comments?post=4679"}],"wp:featuredmedia":[{"embeddable":true,"href":"https:\/\/www.lucas-alarmes.com\/boutique\/wp-json\/wp\/v2\/media\/4680"}],"wp:attachment":[{"href":"https:\/\/www.lucas-alarmes.com\/boutique\/wp-json\/wp\/v2\/media?parent=4679"}],"wp:term":[{"taxonomy":"product_brand","embeddable":true,"href":"https:\/\/www.lucas-alarmes.com\/boutique\/wp-json\/wp\/v2\/product_brand?post=4679"},{"taxonomy":"product_cat","embeddable":true,"href":"https:\/\/www.lucas-alarmes.com\/boutique\/wp-json\/wp\/v2\/product_cat?post=4679"},{"taxonomy":"product_tag","embeddable":true,"href":"https:\/\/www.lucas-alarmes.com\/boutique\/wp-json\/wp\/v2\/product_tag?post=4679"}],"curies":[{"name":"wp","href":"https:\/\/api.w.org\/{rel}","templated":true}]}}