{"id":4674,"date":"2015-03-06T12:07:33","date_gmt":"2015-03-06T11:07:33","guid":{"rendered":"http:\/\/www.lucas-alarmes.com\/boutique\/shop\/transmetteur-telephonique-t729\/"},"modified":"2025-03-27T12:37:02","modified_gmt":"2025-03-27T11:37:02","slug":"transmetteur-telephonique-t729","status":"publish","type":"product","link":"https:\/\/www.lucas-alarmes.com\/boutique\/vente-materiel\/transmetteur-telephonique-t729\/","title":{"rendered":"Transmetteur T\u00e9l\u00e9phonique T729 Compatible EDEN HA2000"},"content":{"rendered":"<div class=\"wpb-content-wrapper\"><p>[vc_row][vc_column width=\u00a0\u00bb1\/2&Prime;][vc_column_text]<strong>Messages<\/strong><br \/>\nLe transmetteur T-729 dispose d&rsquo;une dur\u00e9e d&rsquo;enregistrement de 20 secondes divis\u00e9e en 5 messages :<\/p>\n<ul>\n<li>message 1 : Intrusion (3 secondes)<\/li>\n<li>message 2 : Incendie (3 secondes)<\/li>\n<li>message 3 : Agression (3 secondes)<\/li>\n<li>message 4 : M\u00e9dical (3 secondes)<\/li>\n<li>message 5 : Message commun (8 secondes) : Nom et Adresse<\/li>\n<\/ul>\n<p><strong>Num\u00e9ros de t\u00e9l\u00e9phone<\/strong><br \/>\nOn peut programmer jusqu\u2019\u00e0 6 num\u00e9ros par ordre de priorit\u00e9, mais \u00e9galement selon 3 groupes de 2 num\u00e9ros en fonction de la nature de l\u2019alarme. Ainsi chaque groupe communique vers les intervenants appropri\u00e9s de fa\u00e7on \u00e0 obtenir une intervention adapt\u00e9e \u00e0 la cat\u00e9gorie d\u2019alarme d\u00e8s le 1er appel t\u00e9l\u00e9phonique.[\/vc_column_text][\/vc_column][vc_column width=\u00a0\u00bb1\/2&Prime;][vc_column_text]<strong>Transmission<\/strong><br \/>\nA la r\u00e9ception d&rsquo;une information de la centrale, le transmetteur appelle et envoie les messages enregistr\u00e9s correspondant au type d&rsquo;alarme d\u00e9clench\u00e9e.<br \/>\nSi plusieurs num\u00e9ros de t\u00e9l\u00e9phone ont \u00e9t\u00e9 enregistr\u00e9s, le transmetteur num\u00e9rotera dans l&rsquo;ordre des priorit\u00e9s. Si un num\u00e9ro est occup\u00e9, il composera le suivant selon la programmation.<br \/>\nApr\u00e8s num\u00e9rotation, si la ligne n&rsquo;est pas occup\u00e9e, le transmetteur \u00e9met son message enregistr\u00e9 pour 80 secondes.<\/p>\n<p><strong>Interphonie<\/strong><br \/>\nLa fonction interphonie permet d&rsquo;\u00e9couter et de parler au site appelant au travers du microphone et du haut-parleur du transmetteur T-729.<br \/>\nFonction indispensable pour une lev\u00e9e de doute ou en cas d\u2019urgence m\u00e9dicale.[\/vc_column_text][\/vc_column][\/vc_row][vc_row][vc_column width=\u00a0\u00bb1\/2&Prime;][vc_column_text]<\/p>\n<p style=\"text-align: right;\"><em>Livr\u00e9 avec notice, piles et accessoires de fixation.<br \/>\n<strong>Mat\u00e9riel garanti 5 ans<\/strong><\/em><\/p>\n<p>[\/vc_column_text][\/vc_column][vc_column width=\u00a0\u00bb1\/2&Prime;][vc_button2 title=\u00a0\u00bbT\u00e9l\u00e9charger le manuel d&rsquo;utilisation de la centrale C911&Prime; align=\u00a0\u00bbleft\u00a0\u00bb style=\u00a0\u00bbrounded\u00a0\u00bb color=\u00a0\u00bbgrey\u00a0\u00bb size=\u00a0\u00bbmd\u00a0\u00bb link=\u00a0\u00bburl:http%3A%2F%2Fwww.lucas-alarmes.com\/boutique%2Fwp-content%2Fuploads%2F2014%2F01%2FC911A_manuel.pdf|title:T%C3%A9l%C3%A9charger%20le%20manuel%20d&rsquo;utilisation%20de%20la%20centrale%20C911|target:%20_blank\u00a0\u00bb][\/vc_column][\/vc_row]<\/p>\n<\/div>","protected":false},"excerpt":{"rendered":"<p><strong>Le transmetteur T-729 est un transmetteur t\u00e9l\u00e9phonique vocal. Il vous pr\u00e9vient par t\u00e9l\u00e9phone d\u00e8s le d\u00e9clenchement de l\u2019alarme. Ce transmetteur est sp\u00e9cialement \u00e9tudi\u00e9 pour fonctionner avec la <a href=\"https:\/\/www.lucas-alarmes.com\/boutique\/vente-materiel\/centrale-c902\/\">centrale C-902<\/a>.<\/strong><\/p>\n<p><strong>C&rsquo;est un produit compatible avec la marque Eden vendu par le Roy Merlin.<\/strong><\/p>\n<p><span style=\"color: #ff0000;\">Compatible avec le d\u00e9groupage total.<\/span><\/p>\n<p>&nbsp;<\/p>\n<p>&nbsp;<\/p>\n","protected":false},"featured_media":5359,"comment_status":"open","ping_status":"closed","template":"","meta":[],"product_brand":[],"product_cat":[99,80],"product_tag":[98],"class_list":{"0":"post-4674","1":"product","2":"type-product","3":"status-publish","4":"has-post-thumbnail","6":"product_cat-gamme-climax","7":"product_cat-transmetteurs-sans-fil-climax","8":"product_tag-climax","10":"first","11":"instock","12":"taxable","13":"shipping-taxable","14":"purchasable","15":"product-type-simple"},"yoast_head":"<!-- This site is optimized with the Yoast SEO plugin v24.4 - https:\/\/yoast.com\/wordpress\/plugins\/seo\/ -->\n<title>Transmetteur T\u00e9l\u00e9phonique T729 Compatible EDEN HA2000 - Boutique Lucas Alarmes<\/title>\n<meta name=\"robots\" content=\"index, follow, max-snippet:-1, max-image-preview:large, max-video-preview:-1\" \/>\n<link rel=\"canonical\" href=\"https:\/\/www.lucas-alarmes.com\/boutique\/vente-materiel\/transmetteur-telephonique-t729\/\" \/>\n<meta property=\"og:locale\" content=\"fr_FR\" \/>\n<meta property=\"og:type\" content=\"article\" \/>\n<meta property=\"og:title\" content=\"Transmetteur T\u00e9l\u00e9phonique T729 Compatible EDEN HA2000 - Boutique Lucas Alarmes\" \/>\n<meta property=\"og:description\" content=\"Le transmetteur T-729 est un transmetteur t\u00e9l\u00e9phonique vocal. Il vous pr\u00e9vient par t\u00e9l\u00e9phone d\u00e8s le d\u00e9clenchement de l\u2019alarme. Ce transmetteur est sp\u00e9cialement \u00e9tudi\u00e9 pour fonctionner avec la centrale C-902.  C&#039;est un produit compatible avec la marque Eden vendu par le Roy Merlin.  Compatible avec le d\u00e9groupage total.  &nbsp;  &nbsp;\" \/>\n<meta property=\"og:url\" content=\"https:\/\/www.lucas-alarmes.com\/boutique\/vente-materiel\/transmetteur-telephonique-t729\/\" \/>\n<meta property=\"og:site_name\" content=\"Boutique Lucas Alarmes\" \/>\n<meta property=\"article:modified_time\" content=\"2025-03-27T11:37:02+00:00\" \/>\n<meta property=\"og:image\" content=\"https:\/\/www.lucas-alarmes.com\/boutique\/wp-content\/uploads\/sites\/3\/2015\/03\/image00002-scaled.jpeg\" \/>\n\t<meta property=\"og:image:width\" content=\"2560\" \/>\n\t<meta property=\"og:image:height\" content=\"2560\" \/>\n\t<meta property=\"og:image:type\" content=\"image\/jpeg\" \/>\n<meta name=\"twitter:card\" content=\"summary_large_image\" \/>\n<meta name=\"twitter:label1\" content=\"Dur\u00e9e de lecture estim\u00e9e\" \/>\n\t<meta name=\"twitter:data1\" content=\"2 minutes\" \/>\n<script type=\"application\/ld+json\" class=\"yoast-schema-graph\">{\"@context\":\"https:\/\/schema.org\",\"@graph\":[{\"@type\":\"WebPage\",\"@id\":\"https:\/\/www.lucas-alarmes.com\/boutique\/vente-materiel\/transmetteur-telephonique-t729\/\",\"url\":\"https:\/\/www.lucas-alarmes.com\/boutique\/vente-materiel\/transmetteur-telephonique-t729\/\",\"name\":\"Transmetteur T\u00e9l\u00e9phonique T729 Compatible EDEN HA2000 - Boutique Lucas Alarmes\",\"isPartOf\":{\"@id\":\"https:\/\/www.lucas-alarmes.com\/boutique\/#website\"},\"primaryImageOfPage\":{\"@id\":\"https:\/\/www.lucas-alarmes.com\/boutique\/vente-materiel\/transmetteur-telephonique-t729\/#primaryimage\"},\"image\":{\"@id\":\"https:\/\/www.lucas-alarmes.com\/boutique\/vente-materiel\/transmetteur-telephonique-t729\/#primaryimage\"},\"thumbnailUrl\":\"https:\/\/www.lucas-alarmes.com\/boutique\/wp-content\/uploads\/sites\/3\/2015\/03\/image00002-scaled.jpeg\",\"datePublished\":\"2015-03-06T11:07:33+00:00\",\"dateModified\":\"2025-03-27T11:37:02+00:00\",\"breadcrumb\":{\"@id\":\"https:\/\/www.lucas-alarmes.com\/boutique\/vente-materiel\/transmetteur-telephonique-t729\/#breadcrumb\"},\"inLanguage\":\"fr-FR\",\"potentialAction\":[{\"@type\":\"ReadAction\",\"target\":[\"https:\/\/www.lucas-alarmes.com\/boutique\/vente-materiel\/transmetteur-telephonique-t729\/\"]}]},{\"@type\":\"ImageObject\",\"inLanguage\":\"fr-FR\",\"@id\":\"https:\/\/www.lucas-alarmes.com\/boutique\/vente-materiel\/transmetteur-telephonique-t729\/#primaryimage\",\"url\":\"https:\/\/www.lucas-alarmes.com\/boutique\/wp-content\/uploads\/sites\/3\/2015\/03\/image00002-scaled.jpeg\",\"contentUrl\":\"https:\/\/www.lucas-alarmes.com\/boutique\/wp-content\/uploads\/sites\/3\/2015\/03\/image00002-scaled.jpeg\",\"width\":2560,\"height\":2560},{\"@type\":\"BreadcrumbList\",\"@id\":\"https:\/\/www.lucas-alarmes.com\/boutique\/vente-materiel\/transmetteur-telephonique-t729\/#breadcrumb\",\"itemListElement\":[{\"@type\":\"ListItem\",\"position\":1,\"name\":\"Accueil\",\"item\":\"https:\/\/www.lucas-alarmes.com\/boutique\/\"},{\"@type\":\"ListItem\",\"position\":2,\"name\":\"Shop\",\"item\":\"https:\/\/www.lucas-alarmes.com\/boutique\/shop\/\"},{\"@type\":\"ListItem\",\"position\":3,\"name\":\"Transmetteur T\u00e9l\u00e9phonique T729 Compatible EDEN HA2000\"}]},{\"@type\":\"WebSite\",\"@id\":\"https:\/\/www.lucas-alarmes.com\/boutique\/#website\",\"url\":\"https:\/\/www.lucas-alarmes.com\/boutique\/\",\"name\":\"Boutique Lucas Alarmes\",\"description\":\"Le Sp\u00e9cialiste de l&#039;alarme sans fil\",\"potentialAction\":[{\"@type\":\"SearchAction\",\"target\":{\"@type\":\"EntryPoint\",\"urlTemplate\":\"https:\/\/www.lucas-alarmes.com\/boutique\/?s={search_term_string}\"},\"query-input\":{\"@type\":\"PropertyValueSpecification\",\"valueRequired\":true,\"valueName\":\"search_term_string\"}}],\"inLanguage\":\"fr-FR\"}]}<\/script>\n<!-- \/ Yoast SEO plugin. -->","yoast_head_json":{"title":"Transmetteur T\u00e9l\u00e9phonique T729 Compatible EDEN HA2000 - Boutique Lucas Alarmes","robots":{"index":"index","follow":"follow","max-snippet":"max-snippet:-1","max-image-preview":"max-image-preview:large","max-video-preview":"max-video-preview:-1"},"canonical":"https:\/\/www.lucas-alarmes.com\/boutique\/vente-materiel\/transmetteur-telephonique-t729\/","og_locale":"fr_FR","og_type":"article","og_title":"Transmetteur T\u00e9l\u00e9phonique T729 Compatible EDEN HA2000 - Boutique Lucas Alarmes","og_description":"Le transmetteur T-729 est un transmetteur t\u00e9l\u00e9phonique vocal. Il vous pr\u00e9vient par t\u00e9l\u00e9phone d\u00e8s le d\u00e9clenchement de l\u2019alarme. Ce transmetteur est sp\u00e9cialement \u00e9tudi\u00e9 pour fonctionner avec la centrale C-902.  C'est un produit compatible avec la marque Eden vendu par le Roy Merlin.  Compatible avec le d\u00e9groupage total.  &nbsp;  &nbsp;","og_url":"https:\/\/www.lucas-alarmes.com\/boutique\/vente-materiel\/transmetteur-telephonique-t729\/","og_site_name":"Boutique Lucas Alarmes","article_modified_time":"2025-03-27T11:37:02+00:00","og_image":[{"width":2560,"height":2560,"url":"https:\/\/www.lucas-alarmes.com\/boutique\/wp-content\/uploads\/sites\/3\/2015\/03\/image00002-scaled.jpeg","type":"image\/jpeg"}],"twitter_card":"summary_large_image","twitter_misc":{"Dur\u00e9e de lecture estim\u00e9e":"2 minutes"},"schema":{"@context":"https:\/\/schema.org","@graph":[{"@type":"WebPage","@id":"https:\/\/www.lucas-alarmes.com\/boutique\/vente-materiel\/transmetteur-telephonique-t729\/","url":"https:\/\/www.lucas-alarmes.com\/boutique\/vente-materiel\/transmetteur-telephonique-t729\/","name":"Transmetteur T\u00e9l\u00e9phonique T729 Compatible EDEN HA2000 - Boutique Lucas Alarmes","isPartOf":{"@id":"https:\/\/www.lucas-alarmes.com\/boutique\/#website"},"primaryImageOfPage":{"@id":"https:\/\/www.lucas-alarmes.com\/boutique\/vente-materiel\/transmetteur-telephonique-t729\/#primaryimage"},"image":{"@id":"https:\/\/www.lucas-alarmes.com\/boutique\/vente-materiel\/transmetteur-telephonique-t729\/#primaryimage"},"thumbnailUrl":"https:\/\/www.lucas-alarmes.com\/boutique\/wp-content\/uploads\/sites\/3\/2015\/03\/image00002-scaled.jpeg","datePublished":"2015-03-06T11:07:33+00:00","dateModified":"2025-03-27T11:37:02+00:00","breadcrumb":{"@id":"https:\/\/www.lucas-alarmes.com\/boutique\/vente-materiel\/transmetteur-telephonique-t729\/#breadcrumb"},"inLanguage":"fr-FR","potentialAction":[{"@type":"ReadAction","target":["https:\/\/www.lucas-alarmes.com\/boutique\/vente-materiel\/transmetteur-telephonique-t729\/"]}]},{"@type":"ImageObject","inLanguage":"fr-FR","@id":"https:\/\/www.lucas-alarmes.com\/boutique\/vente-materiel\/transmetteur-telephonique-t729\/#primaryimage","url":"https:\/\/www.lucas-alarmes.com\/boutique\/wp-content\/uploads\/sites\/3\/2015\/03\/image00002-scaled.jpeg","contentUrl":"https:\/\/www.lucas-alarmes.com\/boutique\/wp-content\/uploads\/sites\/3\/2015\/03\/image00002-scaled.jpeg","width":2560,"height":2560},{"@type":"BreadcrumbList","@id":"https:\/\/www.lucas-alarmes.com\/boutique\/vente-materiel\/transmetteur-telephonique-t729\/#breadcrumb","itemListElement":[{"@type":"ListItem","position":1,"name":"Accueil","item":"https:\/\/www.lucas-alarmes.com\/boutique\/"},{"@type":"ListItem","position":2,"name":"Shop","item":"https:\/\/www.lucas-alarmes.com\/boutique\/shop\/"},{"@type":"ListItem","position":3,"name":"Transmetteur T\u00e9l\u00e9phonique T729 Compatible EDEN HA2000"}]},{"@type":"WebSite","@id":"https:\/\/www.lucas-alarmes.com\/boutique\/#website","url":"https:\/\/www.lucas-alarmes.com\/boutique\/","name":"Boutique Lucas Alarmes","description":"Le Sp\u00e9cialiste de l&#039;alarme sans fil","potentialAction":[{"@type":"SearchAction","target":{"@type":"EntryPoint","urlTemplate":"https:\/\/www.lucas-alarmes.com\/boutique\/?s={search_term_string}"},"query-input":{"@type":"PropertyValueSpecification","valueRequired":true,"valueName":"search_term_string"}}],"inLanguage":"fr-FR"}]}},"_links":{"self":[{"href":"https:\/\/www.lucas-alarmes.com\/boutique\/wp-json\/wp\/v2\/product\/4674","targetHints":{"allow":["GET"]}}],"collection":[{"href":"https:\/\/www.lucas-alarmes.com\/boutique\/wp-json\/wp\/v2\/product"}],"about":[{"href":"https:\/\/www.lucas-alarmes.com\/boutique\/wp-json\/wp\/v2\/types\/product"}],"replies":[{"embeddable":true,"href":"https:\/\/www.lucas-alarmes.com\/boutique\/wp-json\/wp\/v2\/comments?post=4674"}],"wp:featuredmedia":[{"embeddable":true,"href":"https:\/\/www.lucas-alarmes.com\/boutique\/wp-json\/wp\/v2\/media\/5359"}],"wp:attachment":[{"href":"https:\/\/www.lucas-alarmes.com\/boutique\/wp-json\/wp\/v2\/media?parent=4674"}],"wp:term":[{"taxonomy":"product_brand","embeddable":true,"href":"https:\/\/www.lucas-alarmes.com\/boutique\/wp-json\/wp\/v2\/product_brand?post=4674"},{"taxonomy":"product_cat","embeddable":true,"href":"https:\/\/www.lucas-alarmes.com\/boutique\/wp-json\/wp\/v2\/product_cat?post=4674"},{"taxonomy":"product_tag","embeddable":true,"href":"https:\/\/www.lucas-alarmes.com\/boutique\/wp-json\/wp\/v2\/product_tag?post=4674"}],"curies":[{"name":"wp","href":"https:\/\/api.w.org\/{rel}","templated":true}]}}